ivided by 38?
35
Let d(x) = 2*x**2 + x - 2. Let h be d(2). Let p be 1 + -4*(-2)/h. Suppose -5*o = -3*j - 68, -1 = p*j - j. What is the remainder when 24 is divided by o?
11
Suppose 2*r = -4 + 12. Suppose -4*v + 13 = 3*g, -r*v - 5*g = -3*g - 14. Let f = -199 - -206. Calculate the remainder when f is divided by v.
3
Suppose 387 = 26*g - 471. What is the remainder when 128 is divided by g?
29
Let l(v) = 4*v**3 + 20*v**2 - 10*v + 3. Let z(d) = 3*d**3 + 13*d**2 - 7*d + 2. Let u(y) = -5*l(y) + 7*z(y). Calculate the remainder when u(9) is divided by 6.
2
Let o(c) = 119*c + 1103. What is the remainder when o(-9) is divided by -11*2/(2*-1)?
10
Let d = -99 - -321. Suppose 0*g = -6*g + d. Calculate the remainder when (-2 - 0)/((-2)/g) is divided by 10.
7
Suppose -3*s = -9, -4*z = -6*z + 4*s + 6. Let u(v) = 26*v - 1. Calculate the remainder when u(1) is divided by z.
7
Let o be (-16)/(-2)*(-3)/(-6). What is the remainder when 34 is divided by (o - 8) + 1 + 14?
1
Suppose 32*n = 2*n + 4800. Calculate the remainder when n is divided by 15.
10
Let r = 21001 - 20987. Let h = -10 + 15. Suppose h*o + 7 = 207. What is the remainder when o is divided by r?
12
Suppose 0 = -3*u + 3*t + 501, -167 = -2*u + u - 3*t. Let b = u + -68. What is the remainder when b is divided by 20?
19
Let m = 9 + -72. Calculate the remainder when (-14)/m + (-547)/(-9) is divided by 16.
13
Suppose 2*h + 1 = -27. Let o be (-12 - 2)/(-7) - -23. Let u = h + o. Calculate the remainder when 20 is divided by u.
9
Suppose 5*l - 2*i = -4*i + 750, 597 = 4*l + i. What is the remainder when l is divided by 53?
42
Let d = -195 + 210. Calculate the remainder when 253 is divided by d.
13
Suppose 16*t + 8 = 14*t. Calculate the remainder when 41 is divided by (-448)/(-21) - t/6.
19
Let c(n) = 2*n + 47. Let k(g) = -g**3 - 17*g**2 + 19*g + 18. Let b be k(-18). Let d be c(b). Let u = d - -5. Calculate the remainder when u is divided by 18.
16
Let n(v) = v**2 + 10*v - 28. Let k(b) = b**2 - 3*b + 4. Suppose -2*h - 4 = -4*h + 4*m, 0 = -4*h + 5*m - 1. What is the remainder when k(h) is divided by n(3)?
10
Let q(i) = i**2 + 11*i + 32. Let l be ((-10)/4)/((-2)/8). Calculate the remainder when (94/5)/(2/l) is divided by q(0).
30
Let n be 4/(-10) + (-1736)/(-40). Suppose -10 = 3*u - n. Let t = 9 - 5. What is the remainder when u is divided by t?
3
Suppose -q + 1 = -3. Suppose q*k - 3*t - 35 = -6*t, -3*k - 3*t = -30. Suppose -16 - 35 = -k*l + n, l + 2*n = 8. What is the remainder when l is divided by 6?
4
Suppose -2*r + 4 = -r. Let w be 0/(-9)*2/(-4). Suppose -5*d = -w*i + r*i - 140, 5*d - 165 = i. Calculate the remainder when 93 is divided by d.
29
Let h(w) = -2*w**3 + 56*w**2 + 60*w + 35. Calculate the remainder when h(29) is divided by 2.
1
Let y = -130 + 131. What is the remainder when 0/(-1) - (-4 + -1) is divided by (-1 - y) + (10 - (8 - 4))?
1
Let c be 2/(-1 - (0 - 0)). Let h = 6 - c. Calculate the remainder when ((-1)/3)/((-3)/189) is divided by h.
5
Suppose 0 = -w + 3*m + m + 45, -3*m - 193 = -4*w. Let c = -9 + w. Calculate the remainder when 198 is divided by c.
38
Let s(i) = -2*i**3 - 7*i**2 - 7*i + 2. Calculate the remainder when s(-5) is divided by 6.
4
Let i(r) = -r**3 - 5*r**2 - 3*r + 5. Let o be i(-4). Let k be ((44 - o) + 0)/(-1). Let y = -17 - k. Calculate the remainder when 51 is divided by y.
25
Let x = -398 + 540. What is the remainder when x is divided by 35?
2
Suppose 4*c - 46 - 20 = 5*y, c - y = 17. Calculate the remainder when 85 is divided by c.
9
Suppose -6 + 138 = -6*j. Let n = j + 88. Calculate the remainder when n is divided by 17.
15
Let p(k) = k**2 + k + 6. Let h = 46 - 16. Let t = -34 + h. What is the remainder when 33 is divided by p(t)?
15
Suppose -g + c - 79 = 0, g + 4*g + 427 = -3*c. Let t = g - -93. Calculate the remainder when 36 is divided by t.
6
Let s(f) = 102*f - 71. Calculate the remainder when s(5) is divided by 7.
5
Let r = 29 - 22. Let x = -5 + r. Suppose 0 = x*l - l - 61. What is the remainder when l is divided by 21?
19
Calculate the remainder when (-15)/(-9) + 13836/36 is divided by 78.
74
Let h(p) = p**3 - 23*p**2 + 61*p + 22. Let m(w) = -w**3 + 4*w**2 + 7*w - 6. What is the remainder when h(20) is divided by m(4)?
20
Suppose -4*k + 14 = -2. Suppose 0*f - 3*o + 17 = f, 76 = k*f + 4*o. Suppose -1 = g - 12. What is the remainder when f is divided by g?
9
Let w(r) = 92*r - 204. Calculate the remainder when w(7) is divided by 34.
32
Suppose 4*p + 9*v - 18 = 4*v, 4*v - 2 = 3*p. Suppose 155 = p*c + 3*c. Let q = -8 - -16. What is the remainder when c is divided by q?
7
Suppose -42*h + 40*h = -138. Calculate the remainder when h is divided by 18.
15
Suppose -c + 5*x = -3*c + 15, -c + 14 = -4*x. Suppose 0 = -12*l - 77 + 5. Calculate the remainder when (-220)/(-6) - -2*(-1)/l is divided by c.
7
Suppose 5*d - 5*n - 4 = 36, 2*n = d - 13. Let c(x) = x**3 - x**2 - x - 1. What is the remainder when d is divided by c(2)?
0
Suppose 0 = a + 5*l - 149, 0*l - 2*l = -5*a + 772. Calculate the remainder when a is divided by 26.
24
Suppose 40 = 2*d - 7*m + 5*m, 5*m + 10 = 0. What is the remainder when 83 is divided by d?
11
Let h be (0 - 2)/(2/16). Let u(a) = a**3 - 2*a**2 + 3*a - 2. Let k be u(1). Calculate the remainder when 0/(-3 - k) - h is divided by 6.
4
What is the remainder when (-40 + 2)/(-1 + -1) is divided by 6 + 10 + (-9)/2*2?
5
Let a(g) = -3*g**3 - g**2 - 2*g + 15. What is the remainder when 174 is divided by a(0)?
9
What is the remainder when 186 is divided by (-16)/(-2)*700/800?
4
Let n(u) = -4*u**2 + 3*u + 4. Let q be n(5). Suppose 139 = -10*v - 1011. Let y = q - v. Calculate the remainder when y is divided by 9.
7
Let c = 205 + -190. What is the remainder when 929 is divided by c?
14
Calculate the remainder when 469/3 + (140/(-15) - -9) is divided by 43.
27
What is the remainder when (((-420)/8)/5)/((-2)/12) is divided by 22?
19
What is the remainder when ((-17 + 16)*(-1 + -765))/2 is divided by 55?
53
Let f(z) = 4*z**3 + 9*z**2 - 17*z - 3. What is the remainder when 479 is divided by f(2)?
14
Let w = 36 - 29. Let q(m) = 10 + 8*m + 0 + 0*m**2 - m**2. Calculate the remainder when q(w) is divided by 9.
8
Let y = -25 + 16. Let v = y - -19. What is the remainder when ((-102)/(-9) + -5)/((-2)/(-6)) is divided by v?
9
Let s = -221 + 313. Suppose 2*c = s + 14. Calculate the remainder when c is divided by 18.
17
Let p = 2668 - 5139. Calculate the remainder when 53 is divided by (-2)/13 - p/91.
26
Suppose -208 + 0 = -8*q. Let a(n) = -10*n - 9. What is the remainder when a(-6) is divided by q?
25
Suppose 3*c = 7*c - 40. Suppose 0 = 2*t - 8*t + 102. What is the remainder when t is divided by c?
7
Let d = 197 - 109. What is the remainder when d is divided by 18?
16
Let t be ((-2)/4)/(25/(-250)). Calculate the remainder when (t/((-140)/287))/(2/(-24)) is divided by 18.
15
Let l = 25 + -55. Let k = l + 69. What is the remainder when k is divided by 21?
18
Let y = -94 - -99. Suppose 5 = i, 0 = -y*j + 3*i - 12 + 37. Calculate the remainder when 103 is divided by j.
7
Calculate the remainder when 570 is divided by 6/(-12) - (-267)/6.
42
Suppose 4*s - 219 - 33 = 0. What is the remainder when s is divided by 3?
0
Suppose -y - 2*l = 3*y - 170, -5*y + 4*l = -219. Suppose -5*p + y = -52. What is the remainder when p is divided by 11?
8
Suppose 23 = 5*n - 2. Calculate the remainder when 323/38 - 2/4 is divided by n.
3
Suppose -2*o + 4 = -2. Suppose o*z + 9 = 2*m, 3*z - 2*z = m - 4. Calculate the remainder when 3 is divided by m.
0
Let q(l) = -3*l - 30. Let s be q(-11). What is the remainder when (-114)/(-5) - s/(75/(-5)) is divided by 7?
2
Let l = 155 + -101. Calculate the remainder when l is divided by 8.
6
Suppose t - 36 = -2*t. Calculate the remainder when 250 is divided by t.
10
Suppose 47 = -4*g + 15. Calculate the remainder when 0 + 0 - g/(-4)*-29 is divided by 31.
27
Suppose -6*r + 8 = -4*r. What is the remainder when r + 6/(-3) - -15 is divided by 5?
2
Let f(l) = -l**2 - 21*l + 31. What is the remainder when f(-20) is divided by 4?
3
Let z(w) = -w**3 + 43*w**2 - 42*w + 26. Calculate the remainder when 101 is divided by z(42).
23
Let c(i) = -i + 7. Let y be c(5). Suppose -20 = -0*r - y*r - 3*u, u = -4*r + 40. What is the remainder when r is divided by 5?
0
Calculate the remainder when